t z(u) = -5*u**3 + u + 1. Let o be z(-1). What is the units digit of (x/(-2))/(2/o)?
5
Let t = 7 + -12. Let g = -3 + 1. What is the units digit of g/2 + (-2 - t)?
2
Let v = 0 - 2. Let b = v + 5. What is the units digit of b?
3
Let y(g) = g**3 - g - 1. Let j(r) = 5*r**3 + r**2 - 6*r. Let n(s) = -j(s) + 6*y(s). Let o be n(0). What is the units digit of ((-56)/o)/(6/9)?
4
Suppose -3*b + 511 = a, 861 = 2*b + 3*b + 4*a. What is the tens digit of b?
6
Let d(p) = -p**2 + 5*p + 4. Let r be d(5). Suppose -r*a = -a - 18. Suppose -2*n = -0*n - a. What is the units digit of n?
3
Let k(o) = -o**2 + 14*o + 10. Let m be k(9). Let t = m - 27. What is the tens digit of t?
2
Let q(b) = b**2 + 5*b - 6. What is the tens digit of q(-8)?
1
Let t = 29 - -14. Let j = 14 - 10. Suppose -t = -4*a - 5*l, l + 45 = j*a - 4. What is the units digit of a?
2
Let s(l) = 33*l - 3. Let h be s(2). Let y = h + -40. What is the units digit of y?
3
Let q(c) = c**2 + 2*c - 1. Let m be q(-8). Let l = m - 23. Suppose 4 = 2*v - l. What is the tens digit of v?
1
Suppose 0 = 2*n + 3*y - 59, -12 = 4*n + 2*y - 142. What is the units digit of n?
4
Let a(c) = c**2 - 3*c - 1. Let v(o) = o + 6. Suppose 3*p + 5*s = 0, 0 = -4*p + 3*s + s. Let m be v(p). What is the units digit of a(m)?
7
Let b(o) be the third derivative of -o**5/60 - o**4/2 - 7*o**3/6 - 5*o**2. What is the tens digit of b(-6)?
2
Let h = 17 - 12. Suppose h*z + 3*j - 102 = 0, -76 = -z - 3*z - j. What is the units digit of z?
8
Let t(n) be the first derivative of -n**4/4 - n**3 - 5*n**2/2 - 6*n - 3. What is the units digit of t(-4)?
0
Let z(r) = -r**3 + 6*r**2 + 3*r - 4. Let m be 4*(3 + 6/(-4)). What is the tens digit of z(m)?
1
Suppose 8 = -2*u, 5*v + 4 = -3*u + 17. Let d = 11 + -11. Suppose v*x - 4*k - 6 - 15 = d, -4*k - 15 = x. What is the units digit of x?
1
Suppose 3*v + 5*m - 30 = 30, 0 = -v + 3*m + 6. What is the units digit of v/21 - 6/(-21)?
1
Let l(d) = 13*d**2 + 7*d + 3. Let v be l(-4). What is the tens digit of v/12 + 3/(-12)?
1
Suppose 8 = x + i, -x + i = -0*x - 2. Suppose x*f - 18 = 22. What is the units digit of 82/f - 2/8?
0
Suppose -v + 89 = 19. Suppose -3*z + 5*z = v. What is the tens digit of z?
3
Suppose -v + 6 = -4*b + 19, -4*v + b = -8. Suppose -m + v*m - 20 = 0. Suppose -2*z + m = -0*z. What is the units digit of z?
5
Suppose 2*y - 5*y + 15 = 0. Suppose -w = -2*h - 2*w + 1, -5*w - 40 = -y*h. Suppose 0 = h*q - 6, -q - 19 = -3*z - 0*q. What is the units digit of z?
7
Suppose q = -4*m - 8, 4*q = -m + 4*m - 13. Let s = q - -7. What is the units digit of -2 + s - -3*1?
4
Let i(t) = -5*t + t**2 + 2*t + 12 + 2*t + 0*t**2. What is the units digit of i(0)?
2
Let j = -6 - -3. Let y = -2 - j. What is the units digit of y?
1
What is the tens digit of (-18)/12*1952/(-12)?
4
What is the units digit of (-61)/(-9) - 6/(-27)?
7
Suppose -p - 4*p = 0, -5*p - 15 = 3*s. Let g be s - (-2 + 0 - 0). Let j(c) = -3*c + 4. What is the units digit of j(g)?
3
Suppose -2*j - 6 = -2*o, -4*o + j = 3 - 15. What is the units digit of o?
3
Let q(m) = -9 + 4*m - 5*m + 0*m. Let r be q(-7). What is the units digit of 4 - (-2 + (0 - r))?
4
Let j = 41 + -21. What is the units digit of j?
0
Suppose -272 = -5*i + 113. Suppose 5*h = 3*c + i, 3*c - 9 = -h + 2*c. What is the units digit of h?
3
Suppose 0 = -f + g + 2*g + 121, 4*f - 2*g - 464 = 0. What is the tens digit of f?
1
Let m(b) be the second derivative of -b**3/6 + 7*b**2 - 2*b. What is the units digit of m(9)?
5
Let o(i) be the third derivative of i**5/30 - i**4/24 - 2*i**3/3 - i**2. Let c(t) = -t**3 + 6*t**2 + 3. Let h be c(6). What is the tens digit of o(h)?
1
Suppose -5*v + 127 + 73 = 0. What is the units digit of v?
0
Suppose -2*v = 4*j - 2, 0 = v - 2*v + 2*j + 13. What is the tens digit of ((-14)/v)/(4/(-26))?
1
Let t = 6 - 5. What is the units digit of t?
1
Let w(g) = -g**3 + 7*g**2 + 6*g - 6. Let h be w(6). Let v be (0/(-3) + -2)*(-9 + 7). Suppose v*y = h - 22. What is the tens digit of y?
1
Let v(b) = b + 2. Let u be v(10). Let m = u - 7. What is the units digit of m?
5
Let q(h) be the third derivative of h**6/120 + h**5/12 + h**4/12 - h**3/2 + 4*h**2. Let j be q(-5). Let s = 24 + j. What is the units digit of s?
1
Suppose -3*l - 16 = -4*l. What is the tens digit of l?
1
Let q(d) = 49*d**2 + 6*d - 9. What is the tens digit of q(2)?
9
Let c(y) = 2*y - 16. Let r be c(7). What is the units digit of -7 - -16 - 1*r?
1
Let v = 315 + -200. What is the units digit of v?
5
What is the tens digit of ((-136)/(-20))/(8/20)?
1
Let w = 11 + -8. Suppose w*a + 1 = 7. What is the units digit of a?
2
Let d(a) = -a**2 + 12*a + 6. What is the tens digit of d(7)?
4
Suppose 0*l + 47 = -3*l + t, 68 = -4*l + 4*t. Suppose -2*q = 3*v + 73, -v - q - 22 = 2*q. Let s = l - v. What is the tens digit of s?
1
Let m(y) = y + 4. Let z be m(-6). Let w be (1/(-2))/(1/z). What is the units digit of (-1 - (-1 - w))*1?
1
What is the units digit of 426/(8/(-4) - -4) + 3?
6
Let z = -26 + 32. Let h(f) = -4*f**2 - 12*f - 3. Let d(u) = -u**2 - 4*u - 1. Let i(x) = 7*d(x) - 2*h(x). What is the units digit of i(z)?
1
Let z = -23 + 13. What is the tens digit of (-249)/(-15) + 6/z?
1
Suppose -20 = -2*q + 20. What is the units digit of q?
0
Let x be 234/10 + (-18)/45. Suppose 3*d = -4*m + 118, d - x = m + 21. What is the tens digit of d?
4
Let x(o) = -o**2 + 12. Let j(q) = 2*q**2 - q - 23. Let s be ((-10)/8)/((-2)/8). Let v(y) = s*x(y) + 3*j(y). What is the units digit of v(7)?
9
Suppose 0 = -2*d - 0 + 6. Suppose -3*r + 98 = -2*a, 0*r - 108 = -4*r - d*a. What is the tens digit of r?
3
Let s = 193 + -138. Suppose v + 4*v - s = 0. What is the units digit of v?
1
Suppose 0 = 2*h + 4*n - 80, 3*h + 248 = 8*h - 2*n. What is the units digit of h?
8
What is the units digit of ((-40)/4 - -6) + 288?
4
Let p(a) = -44*a + 3. Let j be p(3). What is the units digit of j/(-4) - 2/8?
2
Suppose 3*f + n - 28 = 0, -5*n + 13 = 4*f - 6. Suppose -14 - f = -5*x. Suppose 2*s + 4 - 10 = -d, -3*d = x*s - 15. What is the units digit of s?
3
Suppose -2 = -2*a + 6*a - 3*k, 0 = 5*a + 3*k + 16. Let r be a/4 + 1/2. Suppose 2*j - v = -5*v + 24, r = -v. What is the units digit of j?
2
Suppose 2*f = -5*i + 208 - 56, i + 2*f = 32. What is the tens digit of i?
3
Let i be (10/8)/((-2)/(-8)). Suppose 4*a + 5*v - 71 + 2 = 0, a = i*v + 36. What is the units digit of a?
1
Suppose 2*a = 4*c - 28, 0*a - 15 = -3*c + 3*a. Suppose -4*l + 3*l = -2*i - c, 4*l = -i + 9. What is the units digit of (-1 + l)*(-20)/(-4)?
0
Suppose 26 = 4*z - 4*i - 158, 4*z = 3*i + 180. What is the units digit of z?
2
Suppose -5*i + 4 - 39 = 0. Let d(j) = j - 3. Let b be d(4). What is the units digit of ((-1)/1)/(b/i)?
7
Let q(p) = -p**3 + 3*p**2 + p + 3. Let n be q(3). What is the units digit of ((-4)/6)/(n/(-243))?
7
Let r be 1/(3*(-1)/(-9)). Let h be ((-2)/(-3))/(r/27). Suppose 2*p = 18 - h. What is the units digit of p?
6
Let j be -1 - (-4)/2 - 7. Let y = -4 - j. What is the units digit of (1 + 1)*y/2?
2
Suppose -g = 3*p + 10 - 37, 18 = 2*p + 4*g. Suppose -3*u - 12 = -x - 0, 4*u + 3*x = -16. Let c = u + p. What is the units digit of c?
5
Suppose 2*h - b = b + 78, -5*b - 31 = -h. What is the units digit of h?
1
Let a be 3/4 + 1047/12. Suppose -2*n - b = 0, 2*n + 4*b = 4*n. Suppose n = 2*j + 2*j - a. What is the tens digit of j?
2
Let o(h) = 2*h**2 + 11*h + 36. What is the tens digit of o(-6)?
4
Let i(t) = -t**3 + t**2 + 2*t. Suppose 14 = -5*f - 1. What is the units digit of i(f)?
0
What is the tens digit of ((-25)/20)/((-3 - -6)/(-300))?
2
Let a(h) = 2*h - 1. Let y be a(2). Let o(w) be the second derivative of -w**5/20 + w**4/4 + 5*w**3/6 - 2*w**2 - 4*w. What is the tens digit of o(y)?
1
Let a = -331 + 635. What is the tens digit of a?
0
Let f(c) = -6*c - 2. Let w be f(5). What is the units digit of (-1)/(-4) - 248/w?
8
What is the units digit of -2 + 4 - (-7 + -3)?
2
Let i be ((-6)/8)/(3/12). Let h(q) = q**2 + 2. Let a be h(-2). What is the units digit of a/9 - 4/i?
2
Let z(y) = 16*y**2 + 4*y - y - 4*y. What is the tens digit of z(-1)?
1
Let u(p) = -p**3 - 8*p**2 - 7*p. Let x be u(-7). Let b = 0 + x. What is the units digit of 11 + b/3 + 0?
1
Suppose 4 = -y, 5*k + 55 - 345 = 5*y. Suppose -30 - k = -3*q. Suppose -3*t + 7*t - q = 0. What is the units digit of t?
7
What is the units digit of 19/3 + (-